?
141
What is the remainder when 1545 is divided by 432?
249
Calculate the remainder when 3258 is divided by 325.
8
What is the remainder when 31539 is divided by 99?
57
Calculate the remainder when 1752978 is divided by 22.
18
What is the remainder when 5150 is divided by 152?
134
What is the remainder when 97207 is divided by 582?
13
What is the remainder when 4349 is divided by 1432?
53
What is the remainder when 16319 is divided by 22?
17
What is the remainder when 83210 is divided by 41589?
32
Calculate the remainder when 4337943 is divided by 53.
52
Calculate the remainder when 3604 is divided by 743.
632
What is the remainder when 234897 is divided by 540?
537
Calculate the remainder when 107438 is divided by 19.
12
Calculate the remainder when 60446 is divided by 275.
221
Calculate the remainder when 207 is divided by 203.
4
What is the remainder when 30942 is divided by 97?
96
Calculate the remainder when 7181 is divided by 3587.
7
Calculate the remainder when 1593 is divided by 712.
169
Calculate the remainder when 145699 is divided by 775.
774
Calculate the remainder when 23776 is divided by 951.
1
What is the remainder when 128212 is divided by 5574?
10
What is the remainder when 23559 is divided by 38?
37
Calculate the remainder when 677905 is divided by 245.
235
Calculate the remainder when 9505 is divided by 76.
5
What is the remainder when 1127 is divided by 46?
23
Calculate the remainder when 3291 is divided by 938.
477
What is the remainder when 20776 is divided by 941?
74
What is the remainder when 19000 is divided by 344?
80
Calculate the remainder when 7153 is divided by 1241.
948
What is the remainder when 432385 is divided by 82?
81
What is the remainder when 12905 is divided by 6275?
355
Calculate the remainder when 4383 is divided by 122.
113
What is the remainder when 1630 is divided by 405?
10
What is the remainder when 70583 is divided by 5881?
11
What is the remainder when 1959 is divided by 1754?
205
Calculate the remainder when 4509 is divided by 724.
165
What is the remainder when 173729 is divided by 192?
161
Calculate the remainder when 198749 is divided by 530.
529
What is the remainder when 25851 is divided by 251?
249
Calculate the remainder when 3695 is divided by 3409.
286
What is the remainder when 211468 is divided by 3356?
40
What is the remainder when 379011 is divided by 362?
359
What is the remainder when 8938 is divided by 894?
892
Calculate the remainder when 97451 is divided by 24354.
35
What is the remainder when 15890 is divided by 922?
216
What is the remainder when 49112 is divided by 100?
12
Calculate the remainder when 12065 is divided by 3881.
422
What is the remainder when 7904 is divided by 3369?
1166
Calculate the remainder when 8409 is divided by 270.
39
Calculate the remainder when 387 is divided by 201.
186
Calculate the remainder when 593 is divided by 409.
184
What is the remainder when 17827 is divided by 12?
7
What is the remainder when 662723 is divided by 82?
81
What is the remainder when 6885 is divided by 202?
17
Calculate the remainder when 5406 is divided by 129.
117
Calculate the remainder when 41771 is divided by 557.
553
Calculate the remainder when 90092 is divided by 533.
15
What is the remainder when 158999 is divided by 2064?
71
Calculate the remainder when 39232 is divided by 235.
222
Calculate the remainder when 1841 is divided by 896.
49
What is the remainder when 524 is divided by 315?
209
Calculate the remainder when 113484 is divided by 194.
188
Calculate the remainder when 616475 is divided by 20.
15
Calculate the remainder when 5043 is divided by 4.
3
What is the remainder when 3407 is divided by 1115?
62
Calculate the remainder when 197356 is divided by 10.
6
What is the remainder when 833000 is divided by 159?
158
What is the remainder when 2301 is divided by 80?
61
Calculate the remainder when 47194 is divided by 400.
394
What is the remainder when 2423 is divided by 9?
2
What is the remainder when 14638 is divided by 918?
868
Calculate the remainder when 62201 is divided by 62167.
34
Calculate the remainder when 49101 is divided by 305.
301
Calculate the remainder when 24041 is divided by 158.
25
Calculate the remainder when 19508 is divided by 9710.
88
What is the remainder when 647547 is divided by 30?
27
What is the remainder when 1174424 is divided by 13499?
11
What is the remainder when 329603 is divided by 2060?
3
Calculate the remainder when 2287 is divided by 79.
75
Calculate the remainder when 25755 is divided by 925.
780
What is the remainder when 382078 is divided by 320?
318
What is the remainder when 192254 is divided by 1?
0
Calculate the remainder when 382 is divided by 19.
2
Calculate the remainder when 1446 is divided by 275.
71
Calculate the remainder when 18904 is divided by 525.
4
Calculate the remainder when 394809 is divided by 13.
12
Calculate the remainder when 2331 is divided by 40.
11
Calculate the remainder when 35078 is divided by 75.
53
What is the remainder when 654 is divided by 581?
73
What is the remainder when 2972 is divided by 296?
12
What is the remainder when 23580 is divided by 11778?
24
What is the remainder when 89018 is divided by 11092?
282
What is the remainder when 20213 is divided by 39?
11
What is the remainder when 8641 is divided by 25?
16
Calculate the remainder when 95588 is divided by 39.
38
Calculate the remainder when 18292 is divided by 9128.
36
What is the remainder when 1436430 is divided by 359107?
2
Calculate the remainder when 204158 is divided by 51035.
18
What is the remainder when 231789 is divided by 20?
9
What is the remainder when 1729 is divided by 39?
13
What is the remainder when 32810 is divided by 320?
170
Calculate the remainder when 34327 is divided by 1010.
997
Calculate the remainder when 77578 is divided by 45.
43
What is the remainder when 50619 is divided by 23?
19
What is the remainder when 92663 is divided by 23163?
11
What is the remainder when 1083 is divided by 108?
3
Calculate the remainder when 10171 is divided by 4.
3
What is the remainder when 10524 is divided by 54?
48
Calculate the remainder when 5375 is divided by 3.
2
Calculate the remainder when 18855 is divided by 140.
95
Calculate the remainder when 30357 is divided by 659.
43
What is the remainder when 1977 is divided by 787?
403
Calculate the remainder when 25888 is divided by 4016.
1792
Calculate the remainder when 992687 is divided by 69.
53
What is the remainder when 8063 is divided by 2005?
43
What is the remainder when 14274 is divided by 1900?
974
What is the remainder when 6877 is divided by 312?
13
What is the remainder when 54360 is divided by 22?
20
Calculate the remainder when 2999 is divided by 736.
55
Calculate the remainder when 5401 is divided by 129.
112
Calculate the remainder when 400014 is divided by 59.
53
Calculate the remainder when 18610 is divided by 4548.
418
Calculate the remainder when 15666 is divided by 5.
1
What is the remainder when 18319 is divided by 114?
79
Calculate the remainder when 13052 is divided by 380.
132
Calculate the remainder when 1654 is divided by 470.
244
Calculate the remainder when 5128 is divided by 122.
4
Calculate the remainder when 1774 is divided by 299.
279
Calculate the remainder when 15676 is divided by 3906.
52
What is the remainder when 282815 is divided by 6148?
7
What is the remainder when 152017 is divided by 19?
17
What is the remainder when 1883 is divided by 929?
25
Calculate the remainder when 212255 is divided by 268.
267
Calculate the remainder when 802650 is divided by 267549.
3
Calculate the remainder when 3922 is divided by 299.
35
Calculate the remainder when 1632379 is divided by 872.
867
What is the remainder when 425 is divided by 389?
36
Calculate the remainder when 2025 is divided by 39.
36
Calculate the remainder when 43030 is divided by 402.
16
Calculate the remainder when 10573 is divided by 82.
77
What is the remainder when 97776 is divided by 253?
118
What is the remainder when 88882 is divided by 11?
2
Calculate the remainder when 11520 is divided by 71.
18
What is the remainder when 4563 is divided by 1118?
91
Calculate the remainder when 3812 is divided by 631.
26
Calculate the remainder when 16762 is divided by 7.
4
Cal